s the value of 10 - (-9 - (-66 - -40))?
-7
Calculate -313 + 319 - (0 + (4 - -1) + 82).
-81
Evaluate 3 + -10 - (12 + (-20 - -14)) - 26.
-39
What is the value of -155 + 14 - -172 - (71 + -2)?
-38
Calculate (5 - (4 - 4 - 5)) + 95 + -136.
-31
What is 1 + 70 + (-806 - -749)?
14
Calculate (23 - 51 - -16) + -38 + (1 - -2).
-47
Evaluate -62 - (-26 + 27 + -98).
35
Calculate (-6 - (-10 + (19 - -15 - 20))) + 87.
77
45 - ((-41 - -22) + 27)
37
Calculate 5 + 1 - ((-88 - -4) + 38).
52
What is the value of (114 - 83) + -3 + -37?
-9
Evaluate 1 + -3 + -7 + 47 - (1195 + -1215).
58
72 + 55 + -124 + (-2 - (-2 + -2) - 56)
-51
What is -21 + (-16 + 9 - -19) - (9 + -11)?
-7
What is the value of (2 - 83) + 6951 + -6801?
69
What is the value of 102 + 51 + -41 + 4 + -5 + 12?
123
-40 - ((-1 - (13 - 1 - -2)) + 5)
-30
Evaluate 12 - (0 + -7) - 12 - -4 - -6.
17
Calculate (-547 + 216 - -339) + -1 + -2 + 9.
14
Evaluate -1 - (14 - ((-25 - -16) + 36)) - (-2 + 71).
-57
116 + -30 + -43 + -34
9
Calculate (14 - -1) + 546 + -544 + (0 - 35).
-18
What is the value of 74 + 22 + (-44 - 28)?
24
Evaluate (-10 - 9) + 41 + 18 - 12.
28
Calculate 3 + (2 + -5 - (2 + -48)) + 5.
51
104 + 1 + (-33 + -18 + 30 - -5)
89
Evaluate (-11 - (0 - 25)) + -41 + 96.
69
Calculate (11 - ((-41 - -26) + -26)) + -12.
40
What is the value of 60 + -26 + (-3 - -30) + 3 + 1?
65
Evaluate (-213 + 211 - ((-3 - -1) + 11)) + 32 + -25.
-4
(0 + -18 + 10 - -15) + -7 + (-9 - -24)
15
Evaluate -20 + -62 + 106 - (-3 + -15).
42
Calculate (-1 + 0 - (3 + (-61 - 31))) + (-2 - 5).
81
What is 9 - 6 - (-6 + -49 + 35)?
23
What is the value of -10 - ((12 - (1 + 21)) + 22)?
-22
What is the value of -50 - (-25 - 28) - 25?
-22
Evaluate 2 + -22 + -72 + -53 + 121 + 17.
-7
Evaluate -114 - (-186 - -36) - (-1 + 12).
25
(-15 - (36 - (-10 + 4))) + 8 + -1
-50
What is the value of -18 + 0 + -297 + 287 + -5 - -7?
-26
(37 - 3) + 186 + (-332 - -106)
-6
What is (-23 - -14) + -3 + 36 + (3 - 10) + 1?
18
What is 20 + (21 - 17) + (-3 - 3)?
18
Calculate -3 + 24 + -10 + (-32 - 2) + 13 - -105.
95
What is -93 + 80 + 63 + -31?
19
56 - ((101 - 192) + 60)
87
What is 102 + (-71 + -72 - -64)?
23
Evaluate 0 - (3 - 3) - 8 - (166 + -107 + -191).
124
Evaluate -43 + 78 - 16 - 52.
-33
Evaluate (-51 - -79) + -16 + -13.
-1
What is the value of 3 + -2 - (-28 - (-1 + 0 - (6 + -3)))?
25
-4 + (0 - ((6 - 23) + -4))
17
What is -8 + -1 + 5 + -11 - (-181 + 95)?
71
-35 - (22 + -2 - (38 + -37)) - (0 + 0)
-54
What is 2 + -7 + 41 + (-13 - 7)?
16
(-38 - -78) + -12 - 147
-119
What is the value of 129 - 2 - (-5 + 84 + -90 - (-16 - 0))?
122
What is 1 - (-21 + (3 - 0 - 4))?
23
What is -11 - (-25 + -37) - 92?
-41
-66 + -2 + 57 + -24 + -9
-44
32 + -104 - (-16 - ((-4 - (0 + -3)) + -4))
-61
What is the value of (-30 + 40 + -16 - (-6 - 4)) + 2?
6
What is (0 + (-6 - (-19 - -1)) - 55) + (10 - 0)?
-33
What is the value of -28 + (-32 - -5 - -101 - -10)?
56
(-100 - -112) + 24 + -15
21
What is 21 - (-25 - (-79 + 23))?
-10
Evaluate -76 - (20 + 0) - (-4 + 12 + (2 - -5)).
-111
What is (9 - (-48 + 92)) + 102?
67
Evaluate (-5 - (-25 - -17)) + -6 + 4 - -21.
22
Calculate 15 + -20 + 63 + -13.
45
What is 77 + 8 + -12 - (15 - -2)?
56
Calculate 19 + -6 + 20 + (28 - (11 - -44)).
6
0 + -31 - (871 + -942)
40
Calculate 6 + -142 - -159 - 103.
-80
What is the value of 15 + -21 - (0 - -37 - ((13 - -9) + -20))?
-41
What is the value of -58 + 1 + -2 + 0 + 1 + 4 - -8?
-46
Calculate -90 + 54 + 46 + -57.
-47
What is the value of (28 - -83) + -54 + 1 + (2 - 2) + 0?
58
-3 + 14 + 45 + -21 + -30 + 13
18
What is the value of 56 + (-33 - 24) - (4 + 0 - 10)?
5
What is -67 + (7 - (7 + 15 + 0 + -25))?
-57
What is 60 - (30 - 76 - -39 - (-14 + (-4 - -2)))?
51
Evaluate (-13 - (-6 + 0)) + 14 + (41 + 4 - 7).
45
Calculate (-81 - -212) + -63 - 143.
-75
98 + (24 + (-28 - -19) + -24 - (-22 + 3))
108
Evaluate 29 - (60 - (-17 - -39)).
-9
Calculate (-97 + 56 - -100) + -10.
49
Calculate -9 + 1 + 0 - (42 + 91 - 56 - 38).
-47
(-3180 - -3165) + 94 + 0
79
What is the value of (-83 - 84) + (77 - 8)?
-98
What is (71 - (-16 - -14)) + 3 + 15?
91
What is the value of (3 - -14) + -48 + 33 + 1 - -12?
15
Calculate 48 + (25 - (-52 - -66)).
59
3 + 110 + -5 + -2685 + 2657
80
-16 - (-16 + -27) - -18 - 19
26
What is the value of 105 - 4 - ((16 - 10 - 5) + -19)?
119
Evaluate -6 + -38 - (-160 - -125).
-9
What is -132 - -73 - (-1 + 33)?
-91
12 - (-6 + 17 + (5 - 3) + -11 + 5)
5
Evaluate -144 - (114 - 96 - 113).
-49
Evaluate 23 + -5 + -30 - (-40 - 6).
34
52 + 100 + -112 + 7 + -3 + 4
48
Evaluate -17 + (1 - 20) + 0 + 39 + -27.
-24
(36 - (-3 + 4)) + (-11 + 2 - 15 - -19)
30
What is 29 - (-1 + 0 + -14 + 15 + 13)?
16
What is -4 + 15 + (-8 - 11) + 12 + (84 - 6)?
82
What is -37 - (57 - 97 - 3)?
6
What is the value of -6 + -22 + 11 + (5 - (-4 - -9))?
-17
Calculate (-151 - 3) + (-3483 - -3510).
-127
Evaluate (8 + -18 - 3 - -14) + (-173 - -38).
-134
Evaluate 51 + (-9 - (64 - 16)).
-6
Evaluate -44 - 46 - (-76 - -25).
-39
What is -51 + (1 - 1 - 3) + (21 - 24) + 13?
-44
What is the value of (12 - 22 - 3 - -11) + 3 - -21?
22
(-11 - -28) + -1 - (-10 + 16 + -4)
14
-303 + (319 - 1) + 8 + (-1 - -1)
23
What is the value of 1 - (23 + -2) - (-117 - -24)?
73
What is -44 - (-186 + (32 - (-7 + 21)))?
124
Calculate (41 + 0 + 7 + -40 + 29 - 0) + 11.
48
What is the value of 21 - ((3 - 28) + 21 - -14)?
11
Calculate -438 - -456 - (1 + 6 - 0).
11
(63 - 29) + (-21 - -7)
20
-11208 + 11194 + -90 + 0
-104
Evaluate -19 + (12 - 12) - -6 - -18 - 46.
-41
Calculate -1 - 78 - (16 - (63 - 20) - (-21 + 5)).
-68
Evaluate -247 + 187 + -1 + 20.
-41
Evaluate 54 + -103 - 27 - -128.
52
What is (4 - 75) + -4 - -11 - (-12 - -3)?
-55
Calculate -184 + 17 + 81 - -78.
-8
Evaluate (24 - 9) + 9 + (-7 - 119).
-102
What is -19 - (41 + 5 - 31)?
-34
Calculate 3 + (11 - (7 + 4)) - (7 - 52).
48
What is (-1 - (-13 + -9 - -23)) + (3 - (1 - -2))?
-2
(-2 + -5 - -13) + (27 - 28)
5
What is (0 - 106) + (9416 - 9287)?
23
-67 + (26 - (-9 + -10) - 30)
-52
What is -168 - (-98 + -29 + 41)?
-82
7 - 98 - ((15 - 2) + -30 + (18 - 1))
-91
What is 16 - ((17 - (7 - 8)) + -16) - -43?
57
Evaluate (-1 + -1 - 0) + (68 + (-119 - 17) - 5).
-75
What is the value of (0 + 7 - (-34 + 25 - -24)) + 37?
29
What is 6 + -27 + (42 - -60)?
81
Evaluate 10 + (-12 - -3) + (4 - (-6 - -1)) - -20.
30
What is the value of -3 + (2 - 3) - -14 - -21?
31
Evaluate 38 + -28 + -50 - -67.
27
Calculate (-23 - -1) + (496 - 471).
3
Evaluate 9 + (1 - -3) + 1 + 17 + -25.
6
What is the value of 29 + -18 + -68 + 8 + 3?
-46
Evaluate -3 + (0 - -3) + 0 + 0 + 122 + -80.
42
Evaluate -34 + (9 - (20 - 22)) - -16.
-7
3 - 112 - (16 - (-6 - -21 - -11))
-99
Evaluate 491 + -324 + (18 - 146).
39
Evaluate -16 - (1 + 8 - 8 - (-3 + 3 + 7)).
-10
Calculate 44 + (19 - (18 + 12 + -29)).
62
43 + -1 - (-36 - -37)
41
Evaluate (-599 + 595 - (-35 + 1)) + -15.
15
Calculate 192 + -116 + -11 + (2 - -13) + -1 + 11.
90
Calculate -62 - (1 - (10 + -9 + 6 - -13 - 7)).
-50
Calculate -139 - (-67 + (-33 - -49)).
-88
What is 71 + (32 - (4 + 19)) + -38?
42
572 - 584 - (4 - (0 - 4) - -2)
-22
4 + -47 + (6 + -47 - -50)
-34
Calculate -19 + 27 + -14 + 33 + (-2 - -6).
31
Evaluate (23 - 8) + -5 - ((9 - 66) + 10).
57
Evaluate 34 + -122 + 89 + 0 + 46.
47
Evaluate (54 - 60) + -5 + 6.
-5
Calculate 2406 - 2390 - (14 + -3 + 1).
4
What is the value of 6 + 9 + 8 + -4 + -8 + -6?
5
Calculate 15 - (-17 - -4 - (-39 - 2)).
-13
39 + (-165 + 6 - -8) + 37
-75
What is the value of 45 + -14 - (159 + -156)?
28
Evaluate (-16 - -67) + (16 - 53) - -54.
68
36 + (12 - -26 - 88) + 46
32
What is -25 + (26 - 51) + 78?
28
Evaluate 40 - (48 - -22) - -19.
-11
Evaluate -72 - -50 - ((-2 - 4) + 3).
-19
-9 - -10 - ((9 - 23) + 22 - -11)
-18
Calculate -420 - -421 - (-85 + 7).
79
What is -51 + 2 - (-3092 + 3126)?
-83
What is 5 + (8 - 2) + -161 + 66?
-84
What is the value of (-10 - (-45 - (11 - -1)) - 10) + 5?
42
Calculate -1315 + 1385 + (-62 - 2).
6
1 - 29 - (-1914 - -1947)
-61
Calculate 56 - (33 + 54 - 39).
8
What is -30 + -34 + 146 - (24 + -2)?
60
Calculate 4 - 36 - (-176 + 144) - -17.
17
What is the value of -7 + (-26 - (10 - 28)) + (-9 - -76)?
52
Evaluate 48 + -46 + -3 + (-4 - (-2 + 2)) + 36.
31
Calculate 56 + -1 + (1650 - 1685) - -19.
39
What is (-1 + -4 - (-3 + 0)) + -43 + (117 - 39)?
33
Calculate -1 + -1 + 1 + (-26 - (-8 - 101) - 27).
55
Calculate 14 - (-7